j + 31. Suppose -u*i + 36 = -i. What is the units digit of i?
2
Let d = -658 + 792. What is the hundreds digit of d?
1
Let c(a) = -a**3 - 10*a**2 + 12*a + 13. Let s be c(-11). Suppose -5*j - 30 = s*x, 0*x - 3*x - 45 = -4*j. What is the tens digit of (-18)/(3*2/x)?
4
Suppose 7*l = 8*l - 21. Let r = 24 - l. Suppose 7*q - 228 = r*q. What is the tens digit of q?
5
Suppose 20*z = -z + 32088. What is the thousands digit of z?
1
Let f = -1 + -18. Let r = f - -47. What is the units digit of r?
8
Let w = 1633 + -995. What is the units digit of w?
8
Let l = 40 - 24. Let p = -8 + 15. Let c = l - p. What is the units digit of c?
9
Let r = -20 - -31. Suppose -r*n + 3024 = 5*n. What is the hundreds digit of n?
1
Let g be ((-8)/3)/(3/27). Let k = g - -48. What is the tens digit of k?
2
Suppose -9*w + 4*h = -12*w + 2976, w + 3*h = 997. What is the hundreds digit of w?
9
Let y(d) = -d**2 - 11*d + 15. Suppose -5*w - 53 = -b, 0 = -w - 2*b + 3 - 18. What is the tens digit of y(w)?
1
Let n = 563 + -10. What is the tens digit of n?
5
Let c(n) = n**2 + 8*n - 17. Let y be c(-16). Suppose -4*q - y = -4*l + 193, -q - 238 = -3*l. What is the tens digit of l?
8
Let q(o) = o - 6. Let c(w) = -1. Let l be 3/(3 + 0) - 3. Let v(d) = l*c(d) - q(d). What is the units digit of v(-7)?
5
Suppose 22*m = 8*m + 6832. What is the tens digit of m?
8
Let j = 816 + -204. What is the tens digit of j?
1
Suppose 0 = -x - 16*x + 782. Suppose -39*n - 1372 = -x*n. What is the units digit of n?
6
Let c(x) = 2*x**3 - 2*x - 7*x**2 + 12*x**2 + 2 - 10*x**2. What is the hundreds digit of c(5)?
1
Suppose 9940 = 14*b - 17598. What is the tens digit of b?
6
Suppose 1040 = 13*v - 1651. What is the tens digit of v?
0
Let l(y) = y. Let s(t) = 24*t - 7. Let g(n) = -4*l(n) + s(n). Let f be g(9). Suppose 4*k + 4*b = f - 17, 0 = 2*k + b - 77. What is the units digit of k?
8
Suppose 0 = -t - t + f + 1229, 2*t - 1228 = 2*f. What is the tens digit of t?
1
Let f = -522 - -885. Let j = -204 + f. What is the tens digit of j?
5
Let j be 2/(-6) + (-105)/9. Let o(f) = -f**3 - 5*f**2 - 6*f - 3. Let x be o(-4). What is the tens digit of x/((-2)/j - 0)?
3
Let y(v) = 4*v + 610. What is the tens digit of y(0)?
1
Suppose 2*u = 3*l + 2, -3*l - 3*u = -10 - 8. Let q be l/2 + -3 + 6. Suppose q*f + f - 2*d - 46 = 0, 4*f - 38 = d. What is the units digit of f?
0
Suppose -4*z + 4*g - 24 = 0, 2*z + 2*g = -10 - 10. Let q be 14/4 + (-12)/z. Suppose 0 = m - 4*m + q*c + 7, 4*m - 28 = 2*c. What is the units digit of m?
9
Suppose 2293 = 5*l + 2*a, 4*l = -5*a - 121 + 1969. Suppose 4*s + 3*k - l = 0, -k = -5*s - 0*k + 576. Suppose 5*f = -0*f + s. What is the units digit of f?
3
Let x(l) = -18*l + 67. What is the hundreds digit of x(-22)?
4
Suppose 7*u + 134 = -20. What is the tens digit of (-3216)/u + (-12)/66?
4
Suppose -4*m - 13*c + 14*c = -6091, -m + 1544 = 4*c. What is the hundreds digit of m?
5
Let x = -258 - -456. What is the units digit of (-2)/(-5) + x/5?
0
Let x(s) = -s**2 + 5*s - 8. Let o be x(3). What is the tens digit of o/(-13) + 609/13?
4
Suppose -4*a + 20 = 4*u, -u - 4*a = 4*u - 24. What is the units digit of u - (5*-6)/5?
0
Suppose -2*b + 63 = -157. Suppose q + 2*g - b = -g, -102 = -q - g. What is the tens digit of q?
9
Let k(s) = s**3 - s**2 - 3*s - 4. Let l be k(3). Suppose -50 = -4*b - 3*d + d, l*d + 10 = -b. Let v = b + 0. What is the tens digit of v?
1
Let h = 176 + -267. Let j = -62 - h. What is the units digit of j?
9
Let c = -111 + 115. What is the tens digit of 131 + (c - 2) + 0 + -4?
2
Suppose -3*c - 4*u = -2656, -2318 + 553 = -2*c + 3*u. What is the units digit of c?
4
What is the units digit of 97/(5*7/210)?
2
Suppose 0 = 2*b + 6*n - n + 19, 2 = 2*b - 2*n. Let r(h) be the third derivative of h**5/15 - h**4/12 - h**3/3 - h**2. What is the tens digit of r(b)?
1
What is the tens digit of -1 - (3 - (470 + 0 + 0))?
6
Let o(i) = -i**3 - 4*i**2 - 4*i - 4. Let m be o(-4). What is the units digit of (-3)/((-7)/(28/m))?
1
Let d(b) = -14*b**3 + 2*b**2 - 4*b - 75. What is the hundreds digit of d(-5)?
7
Let k(c) = c**2 + 2*c + 2. Let s be k(-3). Suppose 5*i - 20 = -s. Suppose -6*h + i = -45. What is the units digit of h?
8
Let z = -1 + -5. What is the units digit of z + (-4 - -7) - -9?
6
Let s = 20 - 20. Suppose -3*l - 5*j + 32 = -149, s = 4*l - 4*j - 220. What is the units digit of l?
7
Suppose -611*l = -592*l - 89433. What is the tens digit of l?
0
Let m = -32 - -53. What is the units digit of (2 - m/6)*-114?
1
Let j(b) = -3*b + 1. Let m be j(-5). Let k = m - 9. Suppose k*u - 8*u = -41. What is the tens digit of u?
4
Let q = 71 - 96. What is the tens digit of q/5 - -3 - -54?
5
Let f(n) = n**2 - 2*n - 1. Let i be f(4). Suppose 0 = -i*y + 3*y + 16. Suppose 0*b + 88 = y*b. What is the units digit of b?
2
Let a(c) be the third derivative of 49*c**4/12 - 7*c**3/6 + 12*c**2. What is the hundreds digit of a(2)?
1
What is the tens digit of (3 - (-1230)/18)/(4/42)?
4
Let f(i) = 3*i**3 - i**2 + 3*i - 183. Let k(o) = -4*o**3 + o**2 - 4*o + 183. Let j(m) = -5*f(m) - 4*k(m). What is the units digit of j(0)?
3
Let i = 9 - 6. Suppose i*m + k = -2, -5*k + 3*k = 2*m. What is the units digit of 6/(-6)*m*5?
5
Suppose 23*c - 1760 = 22*c. What is the units digit of c?
0
Suppose 1513 = 5*y - 3*s, 0 = -y + 2*s - 3*s + 309. What is the hundreds digit of y?
3
Let s(t) be the first derivative of -t**2 + t + 1. Suppose -5*c + 20 = 0, 0 = 3*b + 5*c - 14. What is the units digit of s(b)?
5
Suppose -11*t + 20258 = -6241. What is the hundreds digit of t?
4
Suppose -4*s - 82 = -2*l, -29 = -4*l - s + 180. What is the tens digit of l - -1*(-15)/5?
4
Let f be -6*(-2)/(-3) - -16. Suppose 5*r + f = 172. What is the tens digit of r?
3
Let w be -622 - 6*(-1)/2. Let h = -333 - w. What is the tens digit of (h/(-13))/(-2 - 0)?
1
Let w be 2224/36 - 4/(-18). What is the units digit of (w/(-6))/((-6)/18)?
1
Suppose -4*n - k = 16, -2*n - 2*k = 7 + 7. Let p = -2 - -2. What is the units digit of 1/(n/(-27)) - p?
9
Suppose -8010 = -33*k - 1047. What is the tens digit of k?
1
Suppose -4*t + 2522 = 3*s, 26*t - 22*t - 2518 = -5*s. What is the units digit of t?
2
What is the units digit of (33/4)/(75/3700)?
7
Let a = -39 + 42. Let p = 38 + a. What is the units digit of p?
1
Let z be (-5436)/(-28) - 3/21. Suppose -3*u + u = -3*j - z, 3*u + 4*j - 257 = 0. What is the units digit of u?
1
Suppose 0 = 2*z + 4*z + 54. Let k be z/12 + 110/8. Suppose 5*l + 3 - k = 0. What is the units digit of l?
2
Suppose 3*z - 5*s - 982 = 0, s - 4*s + 1014 = 3*z. What is the units digit of z?
4
Let w be (-1 - -1)/((-6)/(-3)). Suppose w*q - 5*q + 265 = 0. What is the tens digit of q?
5
Let t(x) = -x**3 + 5*x**2 - 3*x - 4. Suppose -h - h = -8. Let r be t(h). Suppose -k + 5*o + 35 = r, -7*k + 60 = -3*k - 4*o. What is the tens digit of k?
1
Suppose -3*b - 39 = -4*n, -4*n = -6*n - b + 7. Let m = 11 - n. Suppose 5*t = 4*f - 29, f + m*t + 7 = 3*f. What is the units digit of f?
1
Let u(o) = 2*o**2 - 8*o - 9. Let r be u(-5). What is the units digit of (r/12 + -4)*4?
1
Let o = 1760 - 1175. What is the units digit of o/(-6)*(-4)/6?
5
What is the hundreds digit of 27355/30 + 2 + 6/36?
9
Suppose 3*i = 6*i - 48. Suppose i = 6*g - 26. What is the units digit of 4*g + (-3 - 1)?
4
Let q be 18/30*(12 + -2). Let u = q + 6. Suppose 0 = -4*a - u + 152. What is the units digit of a?
5
Let v = -58 + 58. Suppose 4*k + 2*c - 290 = 0, 0 = c - v*c + 5. What is the tens digit of k?
7
Let i(c) = 61*c**2 - 7*c + 12. Let o be i(3). Suppose 0*n - 6*n = -o. What is the tens digit of n?
9
Suppose 0 = -f + 49 - 44. Suppose 0 = -f*q + d + 749, d = q - 0*d - 153. What is the units digit of q?
9
Suppose -2*z + 3*l = 2*z - 785, 0 = -z + 4*l + 206. What is the tens digit of z?
9
Suppose 16 = -a + 21. Suppose 8*l - 357 = a*l. What is the units digit of l?
9
Let o = -507 + 1820. What is the thousands digit of o?
1
Suppose 0 = 4*j + j + 2*n - 1, -3 = -3*j - 2*n. What is the units digit of (4 - ((-3)/j - 35)) + 2?
8
Let j = 542 - 282. What is the hundreds digit of j?
2
Let k = 400 - -560. What is the tens digit of k?
6
Let z be (-2)/(-7) - 216/(-28). Let b = z + -4. Suppose 14 = b*t - 102. What is the units digit of t?
9
Suppose w = 7*w + 6. Let j be 0/(1 - (w - -1)). Suppose 2*q - t - 24 = -j*t, -12 = -q + 2*t. What is the tens digit 